(p) = 2*p**2 - 1. Calculate q(b).
31
Let q(a) = -7*a - 13. Let x(o) = o + 4. Let k(d) = q(d) + 3*x(d). What is k(3)?
-13
Let z(j) = -j**2 - 3*j + 3. Let l(q) = -q**3 + q**2 + q - 2. Let c be l(3). Let p be -2 - (3 - 1) - c. Let a = 9 - p. Give z(a).
-1
Let r be (-27)/(-2)*(-2)/(-3). Suppose l + 4 = r. Let a be 2/(-2)*l/5. Let f(m) = -2*m**2 + 1. Calculate f(a).
-1
Let r(q) = q**3 - 6*q**2 - 17*q + 2. Let d(v) = -v**2 - 42*v - 208. Let t be d(-6). Give r(t).
-6
Let b(i) be the first derivative of 13*i - 32 + 1/2*i**2. Give b(0).
13
Let c(v) = 83*v**3 + 9*v**2 - 13*v + 2. Let f(t) = -44*t**3 - 5*t**2 + 7*t - 1. Let l(d) = 6*c(d) + 11*f(d). What is l(1)?
13
Let f be -17 + 2 + 36/6. Let u(o) = -o**3 - 9*o**2 + 2. Give u(f).
2
Let z(m) = m**2 - m. Let p(j) = 17*j**2 - j - 2. Let u be p(-1). Let s(b) = b**3 - 17*b**2 + 17*b - 17. Let l be s(u). Determine z(l).
2
Let f = 5 + 3. Let v(a) = -90*a**2 - 90*a**2 + 261*a**2 + 3*a + 5*a - 4 - 82*a**2. Give v(f).
-4
Suppose 0 = 3*y - 4*y - 3*f + 90, 4*y - 3*f = 360. Let j = 98 - y. Let m(t) = -t**2 - t + 0*t - 5 + 10*t. Determine m(j).
3
Let b = 2 + -1. Let j(k) be the second derivative of -k**4/12 + 5*k - 38. Let z(y) = -8*y**2 + 2. Let t(v) = b*z(v) - 6*j(v). Calculate t(-2).
-6
Let i(t) = -70*t + 28. Let s(n) = -51*n + 19. Let v(m) = 5*i(m) - 7*s(m). Give v(-2).
-7
Suppose 15 - 3 = 2*k. Suppose -3*n - 15 = 8*o - 4*o, 0 = o + 4*n - k. Let u(l) = -3*l**2 - 2 + 2 - 6 + 3*l + 4*l**2. What is u(o)?
12
Let t(s) = -6*s - s + 0*s + 4*s. Let x = -3093 + 3092. Calculate t(x).
3
Let o(s) = -10*s - 877 + 440 + 439. What is o(-3)?
32
Suppose -h + 77 = 5*q + 3*h, -2*q + 17 = -3*h. Let x(t) = -6 - q*t + 5 + 15*t. Determine x(6).
11
Let a be ((-2)/5)/((-33)/15 + 2). Let j(z) = -z**2 - 2*z**3 + z - 6*z**2 - 8*z**2 + 14*z**a - 1. Let m = -5 + 3. Determine j(m).
9
Let v(k) = 6 + 1 + k**3 - 243*k**2 + 5 + 226*k**2. What is v(17)?
12
Let f(w) be the second derivative of w**4/12 - w**3/3 - 17*w**2/2 - 97*w. Give f(7).
18
Let q(a) = -a. Let d(m) = -26*m + 1 - 1 + 12*m - 1. Let s(j) = d(j) - 3*q(j). Let u(v) = v - 5. Let y be u(6). Give s(y).
-12
Let b(z) be the second derivative of 0 - 1/6*z**3 - z + 0*z**2. Let v(x) = x**3 + 4*x**2 - 5*x - 4. Let a be v(-5). Calculate b(a).
4
Let v(x) be the second derivative of -x**4/4 + 2*x**3/3 - x**2 - 18*x. Let n be 1*(-6)/15*-5. What is v(n)?
-6
Let d(z) be the third derivative of -z**2 + 3 + 1/3*z**3 + 0*z + 1/24*z**4. Give d(-6).
-4
Let q(y) = 0*y - 3 - 2*y**2 + y**2 - 2*y. Let d(j) = 153*j + 302. Let l be d(-2). Calculate q(l).
-11
Let t(b) = -b**3 + 8*b**2 - 6*b - 7. Let l be t(7). Let d = l - -1. Let s(v) be the first derivative of 3*v**2 + 77. What is s(d)?
6
Let t(u) = -3*u + 2. Suppose -183 = 5*h - 208. Give t(h).
-13
Suppose 0 + 2 = -2*m - 4*n, -4 = 2*n. Let f(u) = -74*u**2 + 70*u**2 + u**3 - 4*u + 4*u - m + u. Give f(4).
1
Suppose -20 = 42*b - 47*b. Suppose 0 = -5*a + 17 - 7. Let z(w) = -6*w + 0 - w**a + 2 - w**2 + w**3. Give z(b).
10
Let w = 855 + -850. Let c(r) = -r**3 - 5*r**2 + 49*r - 3. Determine c(w).
-8
Let p(b) = b**2 - 5*b - 10. Suppose 2*k + 45 = 5*o, 3*o + 9*k = 4*k - 4. Determine p(o).
4
Suppose 8*u = -10*u + 144. Suppose u*y - 7*y - s = 1, s - 3 = 0. Let d(z) = z**3 - 4*z**2 + 6*z - 5. Give d(y).
19
Let c(d) be the third derivative of 5*d**4/24 + 7*d**3/3 + 58*d**2 - 4*d. Calculate c(-4).
-6
Let g be (-4 + 6/2)/1. Let p(v) = 17*v**3 + 2*v**2 - 1. What is p(g)?
-16
Suppose 0 = d - 5*z - 14 - 2, 8 = 2*d - 4*z. Let h(c) = -2*c**2 - 7*c - 4. Determine h(d).
-8
Let w(v) = 6*v**3 - v**2 + 1. Let c = 93 - 140. Let p = 46 + c. Calculate w(p).
-6
Let q(b) = 21*b + 14. Let s(n) = -5*n - 3. Let f(d) = 6*q(d) + 26*s(d). Give f(5).
-14
Let x(l) = 12*l**3 - l**2. Suppose 6*z + 12 = 3*z, -5*h + 4*z + 31 = 0. Let w(i) = -4*i. Let m be w(-3). Suppose -m*g + 15*g = h. Calculate x(g).
11
Let q = 129 - 124. Let t(v) = v - 4. Determine t(q).
1
Let b(t) = 3 - 1 - 2 + 2*t. Suppose 3*m = c - 2*m - 11, -5*c + 3*m = 55. Let g be (-57)/(-21) - 4/c. Determine b(g).
6
Let p = 31 - 17. Suppose -t - p = -2*t + 4*v, 0 = -2*t - 5*v + 2. Let a(f) be the first derivative of f**4/4 - 2*f**3 + 3*f**2/2 - 9*f + 3. Calculate a(t).
9
Let c(t) be the third derivative of t**6/120 + t**5/30 - t**4/12 - t**3/3 + 2*t**2. Let f(v) = v**2 - 14*v + 37. Let s be f(4). Give c(s).
-5
Let k(f) = -f - 8. Let d(j) = -j**2 - 4*j - 6. Let n be d(-1). Give k(n).
-5
Let s = 492 + -495. Let r(k) = -k**3 - 4*k**2 + 2*k + 6. Give r(s).
-9
Suppose 135 = 2*m + w, -5*m - w + 360 = -3*w. Let r(x) = 392*x**2 + 70*x. Let o(i) = -17*i**2 - 3*i. Let s(a) = m*o(a) + 3*r(a). What is s(-1)?
-14
Suppose 3*g + 6 = 12. Let r(z) = -1 + z**g + 7 + 28*z - 34*z. Give r(4).
-2
Let s(j) = -3*j - 1. Let t be s(-1). Let o(a) = 2*a**3 + 4*a - 2*a**3 + 3 + 4*a**t + a**3. Suppose 0 = -3*y + 2*c - 13, 5*y = -4*c - 7. Determine o(y).
0
Let n(t) = -46*t**3 - t**2 - t + 1. Let m be n(-1). Suppose 0 = 4*j - 5*r + m, 2*j + 2*j + 17 = -5*r. Let s(x) = -x. Determine s(j).
8
Let m(a) = -16*a**2 + 3*a - 1. Let k be ((-5)/(-2) - 3)/(9/(-18)). What is m(k)?
-14
Let r(c) = 11*c**3 + 7*c**2 + 3*c - 10. Let f(v) = -13*v**3 - 7*v**2 - 2*v + 10. Let o(t) = 6*f(t) + 7*r(t). Determine o(8).
-2
Let u(x) be the second derivative of x**4/6 + 15*x**2 + x - 9. Give u(0).
30
Suppose 45 = 2*g + d, -2*g + 16 = -d - 19. Let z be g/(-30) - (-124)/6. Let f = z + -14. Let x(r) = -3*r + 6. Give x(f).
-12
Let n(g) = 3*g - g**3 - 2 + 2*g**3 - 15*g**2 + 11*g**2. Suppose -4*f - 46 = -5*q + 29, -49 = -4*q + f. Suppose 0 = w - 1, 0*w + w = 4*y - q. What is n(y)?
-2
Suppose -4*z + 2*y = -y - 57, -2*y = 2*z - 18. Let w(h) = -11*h**2 - h + h**3 - 1 + 7*h**3 + z*h**2. What is w(-1)?
-7
Let h be 74 - 70 - 2*2*-1. Let x(u) be the first derivative of u**3/3 - 4*u**2 + 11*u + 1. Determine x(h).
11
Let a(j) = j**2 - j + 7. Suppose -7*g = -3*g. Suppose g = 4*c - c. Calculate a(c).
7
Let l(o) = -2*o**3 - 7*o**2 - 5*o + 3. Suppose -44*m + 92 = -67*m. Give l(m).
39
Let u(c) = c + 2. Let n(z) = z + 1. Let w(r) = 3*n(r) - 2*u(r). Suppose q + 2*a + 16 = 5*q, q - 5*a = 22. What is w(q)?
1
Let p be (-2)/1 + 0 + -3. Let m(k) = -k**3 - 5*k**2 + 2*k - 3. What is m(p)?
-13
Let z = -3 - 1. Let c be 4 - -1*(z + 2). Let w(a) = -4*a**3 - 6*a**2 - 6*a + 2. Let p(n) = n**3 + 2*n**2 + 2*n - 1. Let t(k) = 7*p(k) + 2*w(k). Calculate t(c).
1
Let n(b) = -4*b + 41. Let k be n(10). Suppose 5 = 2*g + 1. Let c(z) = -1 - z**g + k + 1 + 0. Give c(1).
0
Suppose -10 = b - 3*j, 6*b = 8*b + 3*j - 16. Let x(q) = -5*q**b + 16*q**2 + 0*q - q - 10*q**2. Give x(-3).
12
Let a(z) = -29*z + 199. Let d be a(7). Let q(w) = w**3 + 3*w**2 - 2*w - 6. What is q(d)?
-14
Let k(h) be the third derivative of h**5/60 - h**4/8 - h**3/6 + h**2. Let x(q) be the first derivative of k(q). Let g = 2548 - 2545. Calculate x(g).
3
Let y(d) = 2*d + 9. Let f be (-4 + 12)/(-8)*3. Determine y(f).
3
Let g(y) be the second derivative of 1/6*y**3 - 1/20*y**5 + y**2 + 2*y + 0 + 1/12*y**4. Let i be (-2)/(-15) + (-84)/(-45). Calculate g(i).
0
Let n(i) = 6 + 13 - i**2 - 2 + 0. Give n(-5).
-8
Suppose -16*x = -7*x - 81. Let c(i) = -i + 6. Calculate c(x).
-3
Let o(z) = 8 + 8*z - 3*z + 2*z - 4*z. What is o(-6)?
-10
Let o(r) = r**3 - 5*r**2 - 2*r + 7. Let f(p) = 3*p**2 - 30*p + 5. Let h be f(10). Give o(h).
-3
Let v(i) be the third derivative of 1/2*i**3 - 1/12*i**5 + 0*i - 1/120*i**6 + i**2 - 1/12*i**4 + 0. Suppose -4*a + 5*a + 3 = 0. What is v(a)?
-9
Let r(l) = -15*l - 3. Let h(d) = 34*d + 6. Let n(y) = -4*h(y) - 9*r(y). What is n(7)?
-4
Let z(m) be the second derivative of -m**3/6 + 7*m**2/2 + 430*m + 2. Determine z(-2).
9
Let l = 7 + -3. Let c(y) = y**3 - 4*y**2 + 2*y - 5. Let m be c(l). Let u(v) = -2*v - 2*v**3 + 8*v**3 + 2*v**m + v. Calculate u(1).
7
Let l be ((-36)/30)/((-2)/10). Let y(m) = -2*m**2 + 19*m - 7. Let g(w) = -3*w**2 + 28*w - 11. Let d(x) = -5*g(x) + 7*y(x). Determine d(l).
0
Let d(v) = 6*v**2 + 4*v - 5. Let n be d(1). Let r(h) = -12*h - 21. Let c(s) = 3*s + 5. Let j(u) = 21*c(u) + 5*r(u). Give j(n).
15
Let j(y) = -2*y**3 - 2*y**2 + y + 1. Suppose g - 3*g = 4. Let p(w) = -2*w - 6. Let v be p(g). What is j(v)?
7
Let w(u) = 7 + 5*u + 28*u**2 - 13*u**2 - u**3 - 11*u**2. Give w(5).
7
Let q(u) = -u**3 + 4*u**2 + 7*u - 7. Let h = 235 - 230. What is q(h)?